{"id":13356,"date":"2024-03-27T16:41:53","date_gmt":"2024-03-27T16:41:53","guid":{"rendered":"https:\/\/alphalearning.com\/meditacao-alivio-stress-neurofeedback\/meditation-and-increased-gray-matter-density-in-the-brain-stem\/"},"modified":"2025-01-29T17:47:00","modified_gmt":"2025-01-29T17:47:00","slug":"meditacao-aumento-densidade-substancia-cinzenta","status":"publish","type":"page","link":"https:\/\/alphalearning.com\/pt\/meditacao-alivio-stress-neurofeedback\/meditacao-aumento-densidade-substancia-cinzenta\/","title":{"rendered":"Medita\u00e7\u00e3o e o Aumento da Densidade de Subst\u00e2ncia Cinzenta no Tronco Cerebral"},"content":{"rendered":"\n<div class=\"wp-block-uagb-advanced-heading uagb-block-6560dbba\"><h1 class=\"uagb-heading-text\">A medita\u00e7\u00e3o de longo prazo est\u00e1 associada a um aumento da densidade de massa cinzenta no tronco encef\u00e1lico<\/h1><\/div>\n\n\n\n<div class=\"wp-block-uagb-container uagb-block-19606c60 alignfull uagb-is-root-container\"><div class=\"uagb-container-inner-blocks-wrap\">\n<p>Resumo.<\/p>\n\n\n\n<p>A pr\u00e1tica extensiva que exige aten\u00e7\u00e3o sustentada pode levar a altera\u00e7\u00f5es na estrutura cerebral. Aqui, relatamos evid\u00eancias de diferen\u00e7as estruturais na por\u00e7\u00e3o inferior do tronco encef\u00e1lico em participantes que se dedicam \u00e0 pr\u00e1tica de medita\u00e7\u00e3o de longo prazo. Por meio de imagens de resson\u00e2ncia magn\u00e9tica, observamos maior densidade de massa cinzenta nas regi\u00f5es inferiores do tronco encef\u00e1lico em meditadores experientes, em compara\u00e7\u00e3o com n\u00e3o meditadores pareados por idade. Nossas descobertas mostram que praticantes de medita\u00e7\u00e3o de longo prazo apresentam diferen\u00e7as estruturais em \u00e1reas do tronco encef\u00e1lico relacionadas ao controle cardiorrespirat\u00f3rio. Isso pode explicar alguns dos efeitos e caracter\u00edsticas parassimp\u00e1ticos cardiorrespirat\u00f3rios, bem como o impacto cognitivo, emocional e imunorreativo relatado em diversos estudos sobre diferentes pr\u00e1ticas de medita\u00e7\u00e3o.<br>NeuroReport<\/p>\n\n\n\n<p><a href=\"https:\/\/alphalearning.com\/pt\/meditacao-alivio-stress-neurofeedback\/#stress-relief-through-eeg-guided-meditation\">Saiba como alcan\u00e7ar esses resultados por meio do curso Alphalearning Internacional<\/a><\/p>\n\n\n\n<p class=\"has-text-align-right\"><a href=\"https:\/\/alphalearning.com\/servepdf.php?year=2024&amp;month=04&amp;file=alphalearning-long-term-meditation-is-associated-with-increased-gray-matter-density-in-the-brain-stem.pdf\" target=\"_blank\" rel=\"noreferrer noopener nofollow\">Baixe o artigo completo em formato PDF<\/a><\/p>\n<\/div><\/div>\n","protected":false},"excerpt":{"rendered":"<p>A medita\u00e7\u00e3o de longo prazo est\u00e1 associada a um aumento da densidade de massa cinzenta no tronco encef\u00e1lico Resumo. A [&hellip;]<\/p>\n","protected":false},"author":2,"featured_media":0,"parent":13320,"menu_order":343,"comment_status":"closed","ping_status":"closed","template":"","meta":{"_uag_custom_page_level_css":"","site-sidebar-layout":"default","site-content-layout":"","ast-site-content-layout":"default","site-content-style":"default","site-sidebar-style":"default","ast-global-header-display":"","ast-banner-title-visibility":"","ast-main-header-display":"","ast-hfb-above-header-display":"","ast-hfb-below-header-display":"","ast-hfb-mobile-header-display":"","site-post-title":"disabled","ast-breadcrumbs-content":"","ast-featured-img":"","footer-sml-layout":"","ast-disable-related-posts":"","theme-transparent-header-meta":"","adv-header-id-meta":"","stick-header-meta":"","header-above-stick-meta":"","header-main-stick-meta":"","header-below-stick-meta":"","astra-migrate-meta-layouts":"default","ast-page-background-enabled":"default","ast-page-background-meta":{"desktop":{"background-color":"var(--ast-global-color-4)","background-image":"","background-repeat":"repeat","background-position":"center center","background-size":"auto","background-attachment":"scroll","background-type":"","background-media":"","overlay-type":"","overlay-color":"","overlay-opacity":"","overlay-gradient":""},"tablet":{"background-color":"","background-image":"","background-repeat":"repeat","background-position":"center center","background-size":"auto","background-attachment":"scroll","background-type":"","background-media":"","overlay-type":"","overlay-color":"","overlay-opacity":"","overlay-gradient":""},"mobile":{"background-color":"","background-image":"","background-repeat":"repeat","background-position":"center center","background-size":"auto","background-attachment":"scroll","background-type":"","background-media":"","overlay-type":"","overlay-color":"","overlay-opacity":"","overlay-gradient":""}},"ast-content-background-meta":{"desktop":{"background-color":"var(--ast-global-color-5)","background-image":"","background-repeat":"repeat","background-position":"center center","background-size":"auto","background-attachment":"scroll","background-type":"","background-media":"","overlay-type":"","overlay-color":"","overlay-opacity":"","overlay-gradient":""},"tablet":{"background-color":"var(--ast-global-color-5)","background-image":"","background-repeat":"repeat","background-position":"center center","background-size":"auto","background-attachment":"scroll","background-type":"","background-media":"","overlay-type":"","overlay-color":"","overlay-opacity":"","overlay-gradient":""},"mobile":{"background-color":"var(--ast-global-color-5)","background-image":"","background-repeat":"repeat","background-position":"center center","background-size":"auto","background-attachment":"scroll","background-type":"","background-media":"","overlay-type":"","overlay-color":"","overlay-opacity":"","overlay-gradient":""}},"footnotes":""},"class_list":["post-13356","page","type-page","status-publish","hentry"],"yoast_head":"<!-- This site is optimized with the Yoast SEO plugin v27.1.1 - https:\/\/yoast.com\/product\/yoast-seo-wordpress\/ -->\n<title>Medita\u00e7\u00e3o Prolongada: Massa Cinzenta no Tronco Encef\u00e1lico<\/title>\n<meta name=\"description\" content=\"Descubra como a pr\u00e1tica cont\u00ednua de medita\u00e7\u00e3o pode aumentar a massa cinzenta no tronco encef\u00e1lico, favorecendo fun\u00e7\u00f5es cardiorrespirat\u00f3rias e emocionais.\" \/>\n<meta name=\"robots\" content=\"index, follow, max-snippet:-1, max-image-preview:large, max-video-preview:-1\" \/>\n<link rel=\"canonical\" href=\"https:\/\/alphalearning.com\/pt\/meditacao-alivio-stress-neurofeedback\/meditacao-aumento-densidade-substancia-cinzenta\/\" \/>\n<meta property=\"og:locale\" content=\"pt_PT\" \/>\n<meta property=\"og:type\" content=\"article\" \/>\n<meta property=\"og:title\" content=\"Medita\u00e7\u00e3o Prolongada: Massa Cinzenta no Tronco Encef\u00e1lico\" \/>\n<meta property=\"og:description\" content=\"Descubra como a pr\u00e1tica cont\u00ednua de medita\u00e7\u00e3o pode aumentar a massa cinzenta no tronco encef\u00e1lico, favorecendo fun\u00e7\u00f5es cardiorrespirat\u00f3rias e emocionais.\" \/>\n<meta property=\"og:url\" content=\"https:\/\/alphalearning.com\/pt\/meditacao-alivio-stress-neurofeedback\/meditacao-aumento-densidade-substancia-cinzenta\/\" \/>\n<meta property=\"og:site_name\" content=\"Alphalearning International\" \/>\n<meta property=\"article:modified_time\" content=\"2025-01-29T17:47:00+00:00\" \/>\n<meta property=\"og:image\" content=\"https:\/\/alphalearning.com\/wp-content\/uploads\/2024\/04\/alphalearning-logo_red_1200x675px.png\" \/>\n\t<meta property=\"og:image:width\" content=\"1200\" \/>\n\t<meta property=\"og:image:height\" content=\"675\" \/>\n\t<meta property=\"og:image:type\" content=\"image\/png\" \/>\n<meta name=\"twitter:card\" content=\"summary_large_image\" \/>\n<meta name=\"twitter:label1\" content=\"Est. reading time\" \/>\n\t<meta name=\"twitter:data1\" content=\"1 minute\" \/>\n<!-- \/ Yoast SEO plugin. -->","yoast_head_json":{"title":"Medita\u00e7\u00e3o Prolongada: Massa Cinzenta no Tronco Encef\u00e1lico","description":"Descubra como a pr\u00e1tica cont\u00ednua de medita\u00e7\u00e3o pode aumentar a massa cinzenta no tronco encef\u00e1lico, favorecendo fun\u00e7\u00f5es cardiorrespirat\u00f3rias e emocionais.","robots":{"index":"index","follow":"follow","max-snippet":"max-snippet:-1","max-image-preview":"max-image-preview:large","max-video-preview":"max-video-preview:-1"},"canonical":"https:\/\/alphalearning.com\/pt\/meditacao-alivio-stress-neurofeedback\/meditacao-aumento-densidade-substancia-cinzenta\/","og_locale":"pt_PT","og_type":"article","og_title":"Medita\u00e7\u00e3o Prolongada: Massa Cinzenta no Tronco Encef\u00e1lico","og_description":"Descubra como a pr\u00e1tica cont\u00ednua de medita\u00e7\u00e3o pode aumentar a massa cinzenta no tronco encef\u00e1lico, favorecendo fun\u00e7\u00f5es cardiorrespirat\u00f3rias e emocionais.","og_url":"https:\/\/alphalearning.com\/pt\/meditacao-alivio-stress-neurofeedback\/meditacao-aumento-densidade-substancia-cinzenta\/","og_site_name":"Alphalearning International","article_modified_time":"2025-01-29T17:47:00+00:00","og_image":[{"width":1200,"height":675,"url":"https:\/\/alphalearning.com\/wp-content\/uploads\/2024\/04\/alphalearning-logo_red_1200x675px.png","type":"image\/png"}],"twitter_card":"summary_large_image","twitter_misc":{"Est. reading time":"1 minute"},"schema":{"@context":"https:\/\/schema.org","@graph":[{"@type":"WebPage","@id":"https:\/\/alphalearning.com\/pt\/meditacao-alivio-stress-neurofeedback\/meditacao-aumento-densidade-substancia-cinzenta\/","url":"https:\/\/alphalearning.com\/pt\/meditacao-alivio-stress-neurofeedback\/meditacao-aumento-densidade-substancia-cinzenta\/","name":"Medita\u00e7\u00e3o Prolongada: Massa Cinzenta no Tronco Encef\u00e1lico","isPartOf":{"@id":"https:\/\/alphalearning.com\/pt\/#website"},"datePublished":"2024-03-27T16:41:53+00:00","dateModified":"2025-01-29T17:47:00+00:00","description":"Descubra como a pr\u00e1tica cont\u00ednua de medita\u00e7\u00e3o pode aumentar a massa cinzenta no tronco encef\u00e1lico, favorecendo fun\u00e7\u00f5es cardiorrespirat\u00f3rias e emocionais.","breadcrumb":{"@id":"https:\/\/alphalearning.com\/pt\/meditacao-alivio-stress-neurofeedback\/meditacao-aumento-densidade-substancia-cinzenta\/#breadcrumb"},"inLanguage":"pt","potentialAction":[{"@type":"ReadAction","target":["https:\/\/alphalearning.com\/pt\/meditacao-alivio-stress-neurofeedback\/meditacao-aumento-densidade-substancia-cinzenta\/"]}]},{"@type":"BreadcrumbList","@id":"https:\/\/alphalearning.com\/pt\/meditacao-alivio-stress-neurofeedback\/meditacao-aumento-densidade-substancia-cinzenta\/#breadcrumb","itemListElement":[{"@type":"ListItem","position":1,"name":"Home","item":"https:\/\/alphalearning.com\/pt\/"},{"@type":"ListItem","position":2,"name":"Medita\u00e7\u00e3o e Al\u00edvio do Stress Atrav\u00e9s do Neurofeedback","item":"https:\/\/alphalearning.com\/pt\/meditacao-alivio-stress-neurofeedback\/"},{"@type":"ListItem","position":3,"name":"Medita\u00e7\u00e3o e o Aumento da Densidade de Subst\u00e2ncia Cinzenta no Tronco Cerebral"}]},{"@type":"WebSite","@id":"https:\/\/alphalearning.com\/pt\/#website","url":"https:\/\/alphalearning.com\/pt\/","name":"Alphalearning International","description":"the brain training institute","publisher":{"@id":"https:\/\/alphalearning.com\/pt\/#organization"},"potentialAction":[{"@type":"SearchAction","target":{"@type":"EntryPoint","urlTemplate":"https:\/\/alphalearning.com\/pt\/?s={search_term_string}"},"query-input":{"@type":"PropertyValueSpecification","valueRequired":true,"valueName":"search_term_string"}}],"inLanguage":"pt"},{"@type":"Organization","@id":"https:\/\/alphalearning.com\/pt\/#organization","name":"Alphalearning International","url":"https:\/\/alphalearning.com\/pt\/","logo":{"@type":"ImageObject","inLanguage":"pt","@id":"https:\/\/alphalearning.com\/pt\/#\/schema\/logo\/image\/","url":"https:\/\/alphalearning.com\/wp-content\/uploads\/2024\/03\/alphalearning_ico2_512px.png","contentUrl":"https:\/\/alphalearning.com\/wp-content\/uploads\/2024\/03\/alphalearning_ico2_512px.png","width":512,"height":512,"caption":"Alphalearning International"},"image":{"@id":"https:\/\/alphalearning.com\/pt\/#\/schema\/logo\/image\/"}}]}},"uagb_featured_image_src":{"full":false,"thumbnail":false,"medium":false,"medium_large":false,"large":false,"1536x1536":false,"2048x2048":false,"gform-image-choice-sm":false,"gform-image-choice-md":false,"gform-image-choice-lg":false},"uagb_author_info":{"display_name":"Julio Machado","author_link":"https:\/\/alphalearning.com\/pt\/author\/julio-machado\/"},"uagb_comment_info":0,"uagb_excerpt":"A medita\u00e7\u00e3o de longo prazo est\u00e1 associada a um aumento da densidade de massa cinzenta no tronco encef\u00e1lico Resumo. A [&hellip;]","_links":{"self":[{"href":"https:\/\/alphalearning.com\/pt\/wp-json\/wp\/v2\/pages\/13356","targetHints":{"allow":["GET"]}}],"collection":[{"href":"https:\/\/alphalearning.com\/pt\/wp-json\/wp\/v2\/pages"}],"about":[{"href":"https:\/\/alphalearning.com\/pt\/wp-json\/wp\/v2\/types\/page"}],"author":[{"embeddable":true,"href":"https:\/\/alphalearning.com\/pt\/wp-json\/wp\/v2\/users\/2"}],"replies":[{"embeddable":true,"href":"https:\/\/alphalearning.com\/pt\/wp-json\/wp\/v2\/comments?post=13356"}],"version-history":[{"count":2,"href":"https:\/\/alphalearning.com\/pt\/wp-json\/wp\/v2\/pages\/13356\/revisions"}],"predecessor-version":[{"id":14617,"href":"https:\/\/alphalearning.com\/pt\/wp-json\/wp\/v2\/pages\/13356\/revisions\/14617"}],"up":[{"embeddable":true,"href":"https:\/\/alphalearning.com\/pt\/wp-json\/wp\/v2\/pages\/13320"}],"wp:attachment":[{"href":"https:\/\/alphalearning.com\/pt\/wp-json\/wp\/v2\/media?parent=13356"}],"curies":[{"name":"wp","href":"https:\/\/api.w.org\/{rel}","templated":true}]}}

Meditação e o Aumento da Densidade de Substância Cinzenta no Tronco Cerebral

<div class="wp-block-uagb-advanced-heading uagb-block-6560dbba"><h1 class="uagb-heading-text">A meditação de longo prazo está associada a um aumento da densidade de massa cinzenta no tronco encefálico</h1></div>



<div class="wp-block-uagb-container uagb-block-19606c60 alignfull uagb-is-root-container"><div class="uagb-container-inner-blocks-wrap">
<p>Resumo.</p>



<p>A prática extensiva que exige atenção sustentada pode levar a alterações na estrutura cerebral. Aqui, relatamos evidências de diferenças estruturais na porção inferior do tronco encefálico em participantes que se dedicam à prática de meditação de longo prazo. Por meio de imagens de ressonância magnética, observamos maior densidade de massa cinzenta nas regiões inferiores do tronco encefálico em meditadores experientes, em comparação com não meditadores pareados por idade. Nossas descobertas mostram que praticantes de meditação de longo prazo apresentam diferenças estruturais em áreas do tronco encefálico relacionadas ao controle cardiorrespiratório. Isso pode explicar alguns dos efeitos e características parassimpáticos cardiorrespiratórios, bem como o impacto cognitivo, emocional e imunorreativo relatado em diversos estudos sobre diferentes práticas de meditação.<br>NeuroReport</p>



<p><a href="https://alphalearning.com/pt/meditacao-alivio-stress-neurofeedback/#stress-relief-through-eeg-guided-meditation">Saiba como alcançar esses resultados por meio do curso Alphalearning Internacional</a></p>



<p class="has-text-align-right"><a href="https://alphalearning.com/servepdf.php?year=2024&amp;month=04&amp;file=alphalearning-long-term-meditation-is-associated-with-increased-gray-matter-density-in-the-brain-stem.pdf" target="_blank" rel="noreferrer noopener nofollow">Baixe o artigo completo em formato PDF</a></p>
</div></div>

<p>A meditação de longo prazo está associada a um aumento da densidade de massa cinzenta no tronco encefálico Resumo. A [&hellip;]</p>

<!-- This site is optimized with the Yoast SEO plugin v27.1.1 - https://yoast.com/product/yoast-seo-wordpress/ -->
<title>Meditação Prolongada: Massa Cinzenta no Tronco Encefálico</title>
<meta name="description" content="Descubra como a prática contínua de meditação pode aumentar a massa cinzenta no tronco encefálico, favorecendo funções cardiorrespiratórias e emocionais." />
<meta name="robots" content="index, follow, max-snippet:-1, max-image-preview:large, max-video-preview:-1" />
<link rel="canonical" href="https://alphalearning.com/pt/meditacao-alivio-stress-neurofeedback/meditacao-aumento-densidade-substancia-cinzenta/" />
<meta property="og:locale" content="pt_PT" />
<meta property="og:type" content="article" />
<meta property="og:title" content="Meditação Prolongada: Massa Cinzenta no Tronco Encefálico" />
<meta property="og:description" content="Descubra como a prática contínua de meditação pode aumentar a massa cinzenta no tronco encefálico, favorecendo funções cardiorrespiratórias e emocionais." />
<meta property="og:url" content="https://alphalearning.com/pt/meditacao-alivio-stress-neurofeedback/meditacao-aumento-densidade-substancia-cinzenta/" />
<meta property="og:site_name" content="Alphalearning International" />
<meta property="article:modified_time" content="2025-01-29T17:47:00+00:00" />
<meta property="og:image" content="https://alphalearning.com/wp-content/uploads/2024/04/alphalearning-logo_red_1200x675px.png" />
	<meta property="og:image:width" content="1200" />
	<meta property="og:image:height" content="675" />
	<meta property="og:image:type" content="image/png" />
<meta name="twitter:card" content="summary_large_image" />
<meta name="twitter:label1" content="Est. reading time" />
	<meta name="twitter:data1" content="1 minute" />
<!-- / Yoast SEO plugin. -->

Meditação Prolongada: Massa Cinzenta no Tronco Encefálico

Descubra como a prática contínua de meditação pode aumentar a massa cinzenta no tronco encefálico, favorecendo funções cardiorrespiratórias e emocionais.

Meditação e Alívio do Stress Através do Neurofeedback

A meditação de longo prazo está associada a um aumento da densidade de massa cinzenta no tronco encefálico Resumo. A [&hellip;]
